{"id":42,"date":"2022-10-29T16:44:39","date_gmt":"2022-10-29T14:44:39","guid":{"rendered":"https:\/\/www.aspriuniteterradibari.it\/?page_id=42"},"modified":"2022-10-29T20:25:04","modified_gmt":"2022-10-29T18:25:04","slug":"note-legali","status":"publish","type":"page","link":"https:\/\/www.aspriuniteterradibari.it\/index.php\/note-legali\/","title":{"rendered":"Note Legali"},"content":{"rendered":"<h4>Premessa<\/h4>\n<p>La A.S.P. Riunite Terra di Bari ha realizzato il Sito <a title=\"www.aspriuniteterradibari.it\" href=\"http:\/\/www.aspriuniteterradibari.it\" rel=\"alternate\">www.aspriuniteterradibari.it<\/a> (di seguito indicato &#8220;il Sito&#8221;) con l&#8217;obiettivo di pubblicare dati e documenti relativi ai servizi, alla struttura e alle attivit\u00e0 svolte. Nella presente pagina sono riportate le Note legali relative all\u2019utilizzo del Sito. Il presente documento potr\u00e0 essere modificato in qualsiasi momento e senza preavviso. L\u2019Utente \u00e8 pertanto invitato a prendere regolarmente visione dell\u2019ultima versione aggiornata delle stesse, disponibile e permanentemente accessibile da qualunque pagina del sito, cliccando sul collegamento &#8220;Note legali&#8221;.<\/p>\n<h4>Copyright<\/h4>\n<p>La visualizzazione, il download e qualunque utilizzo dei dati pubblicati sul presente tipo comporta accettazione delle presenti note legali e delle condizioni della licenza con cui sono pubblicati. Salvo ove diversamente indicato, i dati pubblicati sul presente sito sono messi a disposizione con licenza CC-BY 3.0, il cui testo integrale \u00e8 disponibile al seguente indirizzo: <a title=\"http:\/\/creativecommons.org\/licenses\/by\/3.0\/it\/legalcode\" href=\"http:\/\/creativecommons.org\/licenses\/by\/3.0\/it\/legalcode\" target=\"_blank\" rel=\"alternate noopener\">http:\/\/creativecommons.org\/licenses\/by\/3.0\/it\/legalcode<\/a> Questo significa che, ove non diversamente specificato, i contenuti di questo sito sono liberamente distribuibili e riutilizzabili, a patto che sia sempre citata la fonte e \u2013 ove possibile &#8211; riportato l&#8217;indirizzo web della pagina originale.<\/p>\n<h4>Utilizzo del sito e download<\/h4>\n<p>In nessun caso la A.S.P. Riunite Terra di Bari pu\u00f2 essere ritenuta responsabile dei danni di qualsiasi natura causati direttamente o indirettamente dall&#8217;accesso al sito, dall&#8217;incapacit\u00e0 o impossibilit\u00e0 di accedervi. La A.S.P. Riunite Terra di Bari , inoltre, non potr\u00e0 essere ritenuta in alcun modo responsabile per i servizi di connettivit\u00e0 utilizzati dagli Utenti per l\u2019accesso al Portale. I documenti presenti in questo sito per lo scaricamento (download) quali ad esempio modulistica, documentazione normativa, software ecc., salvo diversa indicazione, sono liberamente e gratuitamente disponibili, in caso contrario viene prodotto un avviso come premessa nell&#8217;uso degli stessi.<\/p>\n<h4>Accesso a siti esterni collegati<\/h4>\n<p>I collegamenti a siti esterni, indicati nel presente sito, sono forniti come semplice servizio agli utenti, con esclusione di ogni responsabilit\u00e0 sulla correttezza e sulla completezza dell\u2019insieme dei collegamenti indicati. L\u2019indicazione dei collegamenti non implica da parte dell&#8217;A.S.P. Riunite Terra di Bari alcun tipo di approvazione o condivisione di responsabilit\u00e0 in relazione alla legittimit\u00e0, alla completezza e alla correttezza delle informazioni contenute nei siti indicati.<\/p>\n","protected":false},"excerpt":{"rendered":"<p>Premessa La A.S.P. Riunite Terra di Bari ha realizzato il Sito www.aspriuniteterradibari.it (di seguito indicato &#8220;il Sito&#8221;) con l&#8217;obiettivo di pubblicare dati [&hellip;]<\/p>\n","protected":false},"author":1,"featured_media":0,"parent":0,"menu_order":0,"comment_status":"closed","ping_status":"closed","template":"","meta":{"footnotes":""},"class_list":["post-42","page","type-page","status-publish","hentry"],"_links":{"self":[{"href":"https:\/\/www.aspriuniteterradibari.it\/index.php\/wp-json\/wp\/v2\/pages\/42","targetHints":{"allow":["GET"]}}],"collection":[{"href":"https:\/\/www.aspriuniteterradibari.it\/index.php\/wp-json\/wp\/v2\/pages"}],"about":[{"href":"https:\/\/www.aspriuniteterradibari.it\/index.php\/wp-json\/wp\/v2\/types\/page"}],"author":[{"embeddable":true,"href":"https:\/\/www.aspriuniteterradibari.it\/index.php\/wp-json\/wp\/v2\/users\/1"}],"replies":[{"embeddable":true,"href":"https:\/\/www.aspriuniteterradibari.it\/index.php\/wp-json\/wp\/v2\/comments?post=42"}],"version-history":[{"count":3,"href":"https:\/\/www.aspriuniteterradibari.it\/index.php\/wp-json\/wp\/v2\/pages\/42\/revisions"}],"predecessor-version":[{"id":89,"href":"https:\/\/www.aspriuniteterradibari.it\/index.php\/wp-json\/wp\/v2\/pages\/42\/revisions\/89"}],"wp:attachment":[{"href":"https:\/\/www.aspriuniteterradibari.it\/index.php\/wp-json\/wp\/v2\/media?parent=42"}],"curies":[{"name":"wp","href":"https:\/\/api.w.org\/{rel}","templated":true}]}}