{"id":48,"date":"2022-10-29T16:49:06","date_gmt":"2022-10-29T14:49:06","guid":{"rendered":"https:\/\/www.aspriuniteterradibari.it\/?page_id=48"},"modified":"2022-10-29T17:24:32","modified_gmt":"2022-10-29T15:24:32","slug":"a-s-p-riunite-terra-di-bari","status":"publish","type":"page","link":"https:\/\/www.aspriuniteterradibari.it\/","title":{"rendered":"A.S.P. Riunite Terra di Bari"},"content":{"rendered":"<h2 style=\"text-align: center;\">ASP Riunite Terra di Bari<\/h2>\n<h4 style=\"text-align: center;\">Azienda Pubblica di Servizi alla Persona<\/h4>\n<div style=\"text-align: center;\">Via Napoli n. 332 \u2013 Bari (BA) \u2013 C.F. 93443240721 \u2013 Tel. 351 2859355<\/div>\n<div><\/div>\n<div style=\"text-align: center;\"><em>Iscrizione Registro Regionale<\/em> \u2013 A.D. 27\/02\/2015, n. 154 | <em>Sede legale e unit\u00e0 operativa:<\/em> Via Napoli, 332 \u2013 70132 BARI | <em>Seconda unit\u00e0 operativa:<\/em> P.zza Vittoriano Cimarrusti, 12 \u2013 70010 Adelfia \u2013 BA<\/div>\n<div style=\"text-align: center;\"><strong>Soggetto Gestore R.S.S.A. \u201cASP Opera Pia Di Venere\u201d Via Vaccarella, 1 \u2013 Carbonara \u2013 A.D. Puglia 24\/11\/2014, n. 1070<\/strong><\/div>\n<div><\/div>\n<div>\n<hr \/>\n<\/div>\n<div><\/div>\n<div><img loading=\"lazy\" decoding=\"async\" class=\"size-medium wp-image-29 alignleft\" src=\"https:\/\/www.aspriuniteterradibari.it\/wp-content\/uploads\/2022\/10\/0011-225x300.jpg\" alt=\"\" width=\"225\" height=\"300\" srcset=\"https:\/\/www.aspriuniteterradibari.it\/wp-content\/uploads\/2022\/10\/0011-225x300.jpg 225w, https:\/\/www.aspriuniteterradibari.it\/wp-content\/uploads\/2022\/10\/0011-230x307.jpg 230w, https:\/\/www.aspriuniteterradibari.it\/wp-content\/uploads\/2022\/10\/0011-350x467.jpg 350w, https:\/\/www.aspriuniteterradibari.it\/wp-content\/uploads\/2022\/10\/0011.jpg 480w\" sizes=\"auto, (max-width: 225px) 100vw, 225px\" \/>Il nostro fine istituzionale \u00e8 quello di erogare servizi socio-assistenziali a favore della popolazione anziana autosufficiente o a rischio di perdita di autonomia, secondo le modalit\u00e0 previste dai piani assistenziali nazionali e regionali.<\/div>\n<p>La struttura \u00e8 residenziale a prevalente accoglienza alberghiera per l&#8217;ospitalit\u00e0 temporanea o permanente di anziani autosufficienti, ovvero con limitati condizionamenti di natura fisica, psichica, economica o sociale nel condurre una vita autonoma. Inoltre offriamo, secondo lo Statuto, una risposta temporanea e\/o definitiva alle esigenze abitative e di accoglienza di persone non anziane con difficolt\u00e0 di carattere sociale e fisico, prive di sostegno famigliare.<\/p>\n<h4>I nostri obiettivi<\/h4>\n<p>Gli anziani rappresentano un patrimonio per la societ\u00e0, non solo perch\u00e8 in loro si identifica la memoria culturale di una popolazione, ma anche perch\u00e8 sempre pi\u00f9 costituiscono una risorsa umana attiva, un contributo di energie e di esperienze delle quali la societ\u00e0 pu\u00f2 avvalersi. Tuttavia esistono delle condizioni nelle quali l&#8217;anziano \u00e8 ancora una persona fragile, <img loading=\"lazy\" decoding=\"async\" class=\"size-medium wp-image-16 alignright\" src=\"https:\/\/www.aspriuniteterradibari.it\/wp-content\/uploads\/2022\/10\/0022-300x225.jpg\" alt=\"\" width=\"300\" height=\"225\" srcset=\"https:\/\/www.aspriuniteterradibari.it\/wp-content\/uploads\/2022\/10\/0022-300x225.jpg 300w, https:\/\/www.aspriuniteterradibari.it\/wp-content\/uploads\/2022\/10\/0022-230x173.jpg 230w, https:\/\/www.aspriuniteterradibari.it\/wp-content\/uploads\/2022\/10\/0022-350x263.jpg 350w, https:\/\/www.aspriuniteterradibari.it\/wp-content\/uploads\/2022\/10\/0022-480x360.jpg 480w, https:\/\/www.aspriuniteterradibari.it\/wp-content\/uploads\/2022\/10\/0022.jpg 640w\" sizes=\"auto, (max-width: 300px) 100vw, 300px\" \/>sia fisicamente che psichicamente, per cui la tutela della sua dignit\u00e0 necessita di maggiore attenzione nell&#8217;osservanza dei diritti della persona, sanciti per la generalit\u00e0 dei cittadini. La valorizzazione del ruolo dei pi\u00f9 anziani e della loro cultura si fonda sull&#8217;educazione della popolazione al riconoscimento ed al rispetto dei loro diritti, oltre che sull&#8217;adempimento puntuale di una serie di doveri da parte della societ\u00e0. Di questi, il primo \u00e8 la realizzazione di politiche che garantiscano ad un anziano di continuare ad essere parte attiva nella nostra societ\u00e0, ossia che favoriscano la sua condivisione della vita sociale, civile e culturale della comunit\u00e0.<\/p>\n","protected":false},"excerpt":{"rendered":"<p>ASP Riunite Terra di Bari Azienda Pubblica di Servizi alla Persona Via Napoli n. 332 \u2013 Bari (BA) \u2013 C.F. 93443240721 \u2013 [&hellip;]<\/p>\n","protected":false},"author":1,"featured_media":0,"parent":0,"menu_order":0,"comment_status":"closed","ping_status":"closed","template":"","meta":{"footnotes":""},"class_list":["post-48","page","type-page","status-publish","hentry"],"_links":{"self":[{"href":"https:\/\/www.aspriuniteterradibari.it\/index.php\/wp-json\/wp\/v2\/pages\/48","targetHints":{"allow":["GET"]}}],"collection":[{"href":"https:\/\/www.aspriuniteterradibari.it\/index.php\/wp-json\/wp\/v2\/pages"}],"about":[{"href":"https:\/\/www.aspriuniteterradibari.it\/index.php\/wp-json\/wp\/v2\/types\/page"}],"author":[{"embeddable":true,"href":"https:\/\/www.aspriuniteterradibari.it\/index.php\/wp-json\/wp\/v2\/users\/1"}],"replies":[{"embeddable":true,"href":"https:\/\/www.aspriuniteterradibari.it\/index.php\/wp-json\/wp\/v2\/comments?post=48"}],"version-history":[{"count":4,"href":"https:\/\/www.aspriuniteterradibari.it\/index.php\/wp-json\/wp\/v2\/pages\/48\/revisions"}],"predecessor-version":[{"id":64,"href":"https:\/\/www.aspriuniteterradibari.it\/index.php\/wp-json\/wp\/v2\/pages\/48\/revisions\/64"}],"wp:attachment":[{"href":"https:\/\/www.aspriuniteterradibari.it\/index.php\/wp-json\/wp\/v2\/media?parent=48"}],"curies":[{"name":"wp","href":"https:\/\/api.w.org\/{rel}","templated":true}]}}